What is the units digit of s(-4)?
9
Suppose -3*a + 5*y - y = 20, -4*y + 20 = -2*a. Let t = a + -6. What is the units digit of ((-62)/t)/(11/33)?
1
Let l = 1260 - -275. What is the thousands digit of l?
1
What is the thousands digit of 2981 + -117 + -4 + 0?
2
Suppose 0 = -0*y + 5*y + 1000. Let k = 288 + y. What is the units digit of k?
8
What is the thousands digit of ((-31910)/(-10) - -4) + 6?
3
Let v(q) = 71*q**2 - 96*q**2 - q**3 - 6*q - 20*q + 21. What is the tens digit of v(-24)?
6
Suppose 3*v + i + 366 = 1925, 2*v = -i + 1041. What is the units digit of v?
8
Suppose 2*d = -t + 2853, -5*t = -2*d - 0*t + 2883. Suppose -3251 - d = -20*r. What is the tens digit of r?
3
Suppose -2*i + 8 = -3*x, 5*x + i - 4 = -0*i. Suppose v + 3 = -2*b + 3*b, x = -5*b + v + 27. What is the units digit of b?
6
Suppose -25*r + 21000 = -5*r. What is the units digit of r?
0
Suppose 6*g - 3 = 3*g, g - 281 = -2*l. What is the hundreds digit of l?
1
Let u(p) = -p**2 - p - 115. Let q be u(0). Let l = 164 + q. What is the tens digit of l?
4
Suppose 59*y - 51*y = 15240. What is the units digit of y?
5
Let t(l) = l**3 + 14*l**2 + 14*l + 29. Let a(k) = -2*k**3 + 12*k**2 - 3*k + 5. Let i be a(6). What is the tens digit of t(i)?
1
Let h(z) = 4*z**2 - 9*z - 45. Let p(j) = 5*j**2 - 8*j - 46. Let q(u) = 4*h(u) - 3*p(u). What is the units digit of q(17)?
3
Let g = 7234 - 3169. What is the units digit of g?
5
Let u = -173 + 672. What is the tens digit of u?
9
Suppose 6*l = -0*l + 8*l. Suppose -4*q + 453 - 85 = l. What is the tens digit of q?
9
Let o = 148 + 115. What is the units digit of o?
3
Let h be 0 - (-1 + -4)/1. Suppose 0 = -2*j - 2*g + 72, -123 = -3*j - 4*g - 13. Suppose -h*o + 239 = j. What is the units digit of o?
1
Suppose d - 4*w - 198 = 0, 3*d - 5*w - 770 + 176 = 0. What is the tens digit of d/3 - (-4 - 0)?
7
Suppose -4*d + 10 + 10 = 0. Suppose 2*z = -2*m - 2*z + 16, d*m - 5*z - 40 = 0. Suppose 5*v = m + 82. What is the tens digit of v?
1
Let i(p) = -p**2 + 9*p. Suppose 0*l = -4*l + 88. Suppose 5*s = -4*v + 57, 0 = -4*v + 6*s - 4*s + l. What is the units digit of i(v)?
8
Let w be ((762/9)/(-2))/((-6)/36). Suppose 2*z + 66 - w = 0. What is the tens digit of z?
9
Suppose -4*v = -2*v - 2. Let u = v - 1. Suppose 2*h - 2 = -0, -p + 2*h + 18 = u. What is the units digit of p?
0
Suppose 13*c + 15 = 16*c. What is the tens digit of 516/10 + 2/c?
5
Let h(d) be the second derivative of -7*d**5/20 - d**4/4 - d**3/3 - 6*d. What is the units digit of h(-2)?
8
Let s be ((-21)/(-5))/(2/10). Suppose m = s - 11. What is the tens digit of m?
1
Suppose 42*r - 6 = 39*r. Suppose 0 = r*v + 5*b - 55, 2*b - 116 - 2 = -4*v. What is the units digit of v?
0
Let f(y) = -3*y**3 + 2*y**2 + 5*y + 7. Let o(l) = -5*l**2 + 7*l**3 - 10*l - 24 + 1 + 5 + 4. Let m(g) = 5*f(g) + 2*o(g). What is the units digit of m(-4)?
1
Let t(j) = -3*j - 1. Let y be t(-2). Suppose 10 + 30 = y*a. What is the tens digit of (-123)/(-6) + 4/a?
2
Let w(z) = -364 - z + 2*z**2 + 364. Let d(n) = n**3 + 5*n**2 + 4*n + 4. Let m be d(-4). What is the units digit of w(m)?
8
Let q = 94 + 35. Suppose -2*d + 2*g - g + 141 = 0, 2*d = 5*g + q. What is the units digit of d?
2
Suppose -2*d + 1064 = 2*d. Suppose -2*p + 4*t = -d, 0 = -5*t + 18 + 2. What is the tens digit of p?
4
Let x(y) = -8*y + 53. Let b be 0 - 3/15 - (-2)/10. What is the units digit of x(b)?
3
Let k(y) = y**3 - 14*y**2 + 13*y + 3. Let l be k(13). Suppose -r = l*r - 964. What is the tens digit of r?
4
Suppose -22*x + 19*x = -624. Let f = 63 + x. What is the units digit of f?
1
Let w(a) = a**3 - 28*a**2 - 9*a + 2. Let b be w(27). Let v = -688 - b. What is the tens digit of v?
8
Let r(f) = f**3 + 27*f**2 + 11*f + 126. What is the units digit of r(-25)?
1
Let m = 3096 + -1053. What is the thousands digit of m?
2
Let p = 4611 + -2226. What is the units digit of p?
5
Let r = 4372 - 1099. What is the hundreds digit of r?
2
Let x = -728 + 2086. What is the units digit of x?
8
Let a = 672 - -790. What is the hundreds digit of a?
4
Suppose -g + 1088 = -5*x + 66, 3*g + x - 3018 = 0. What is the hundreds digit of g?
0
Let y(m) = 21*m + 388. What is the tens digit of y(30)?
1
Suppose 5*t - 46*q - 1397 = -49*q, 4*q - 1401 = -5*t. What is the units digit of t?
7
Suppose -3*w + 5*c - 5 = -0*w, 0 = -w - 4*c + 21. Suppose -2*a + w = 1. Suppose 84 = 2*g - 2*d, -a*d + 30 = 4*g - 150. What is the units digit of g?
4
Suppose 6*v - 2241 = -141. What is the hundreds digit of v?
3
Suppose -5*b + 1098 + 1442 = -3*f, 2*f = -5*b + 2515. Suppose -7*p = -69 - b. What is the tens digit of p?
8
Let r(u) = 22*u - 471. What is the units digit of r(39)?
7
Let l(a) = -a - 2 - 38 + 20 + 3*a. Let y be l(13). What is the units digit of y/(-15) - (-524)/10?
2
Suppose -5*j + 28 = -j. Let w = j - -9. What is the tens digit of w?
1
Let w(h) = 5*h**2 + 28*h + 6. What is the tens digit of w(5)?
7
Suppose 3044 = 4*z + a, -3*z + 7*z + 2*a - 3048 = 0. What is the units digit of z?
0
Let r be (0 + 16/(-12))*3. Let x be r/10 + (-2114)/(-35). Suppose 0*w + x = 4*w. What is the units digit of w?
5
Let n(g) = 7*g**2 - 4*g - 3. Let a be n(5). Suppose 0 = 2*y + 4*x - 2, -19 = -3*y - 0*x + 2*x. Suppose d + a = y*d. What is the units digit of d?
8
Let t be 18/(-12)*1*-60. Let d = t - 54. What is the tens digit of d?
3
Suppose 3*z - 2 = 2*l - 6, 10 = 5*l - 2*z. Suppose 0 = -4*u + 6*t - 2*t - 28, l*u + 5*t - 21 = 0. What is the tens digit of 129/6 + (-1)/u?
2
Suppose -11*f + 14782 = 8*f. What is the units digit of f?
8
Suppose 2*z - 5*t - 6 - 122 = 0, 5*t + 54 = z. What is the units digit of z?
4
Let o(m) be the first derivative of m**4/4 - m**3 - 3*m**2 + 6*m - 7. Let r be o(4). What is the units digit of (31 - 6)*r/(-5)?
0
Let y(l) = l**3 - 4*l**2 - 5*l - 6. Let c be (6 - 2 - 8) + -3. Let d = c - -13. What is the units digit of y(d)?
6
Suppose -2*t = -4*t - 2*b + 50, 4*b + 80 = 5*t. What is the units digit of ((-35)/t)/(1/(-28))?
9
Let n = 8 - -1. Let w = -4 + n. Suppose w*m - 26 = 34. What is the tens digit of m?
1
Let t = 11 + -11. Suppose t = -2*j - j + 27. Suppose -d + j + 5 = 0. What is the tens digit of d?
1
Suppose -2*y + 3*c + 21 = -0*c, -2*y - 3*c - 9 = 0. Suppose q + 4*q = 5, 0 = 3*x + y*q - 87. What is the tens digit of x?
2
Let v(z) = -z**3 - 13*z**2 - 12*z + 4. Let o be v(-12). Let a be o/(-12) + 88/(-6). What is the tens digit of (-2 - a)/(-2 - -3)?
1
Let d be 4*5/(-1) - (-1)/(-1). Let h = 64 + d. What is the units digit of h?
3
Let t be (25/(-20))/((-1)/4). Let a = t - 10. What is the units digit of 6/(-15) - 47/a?
9
Let k(n) = 9*n + 64. What is the tens digit of k(12)?
7
Let c(d) = d**3 + 6*d**2 - d + 1. Let g be c(-6). Let v = g - 5. Suppose 3*q = 5*n - 6*n + 38, 0 = v*n + 3*q - 67. What is the units digit of n?
9
Let b(t) = 25*t + 2. Let r(p) = -13*p - 1. Let v(f) = 6*b(f) + 11*r(f). What is the tens digit of v(4)?
2
Let u = 2684 + -1572. What is the units digit of (-3 - -2) + u/4?
7
Suppose 238*j = 233*j + 855. What is the units digit of j?
1
Let c be (-2)/2 + -4 + -4. Let d(z) = 3 + 6*z + 2 + 3 + 2*z**2 - z**2. What is the tens digit of d(c)?
3
Let f be 2/(-4*4/(-40)). Suppose 2*q + 0*b = b + 278, -f*q + 695 = 2*b. What is the tens digit of q?
3
Suppose -c + 4 + 0 = 0. Suppose 0*a - 2*a = s - 17, 3*s = -a + 26. Suppose -c*x - 42 = -s*x. What is the tens digit of x?
1
Let o(r) = -r**3 + 8*r**2 + 7*r. What is the tens digit of o(-6)?
6
Let g be (-16 - -28) + -2*1. What is the units digit of 1/2*(g + -6)?
2
Suppose 0 = -39*o + 9*o + 1320. What is the units digit of o?
4
Suppose 4*o + 5*c = 20 + 25, 0 = 4*o + 3*c - 35. Let x = 26 + -14. Suppose 0 = -o*t + x + 58. What is the tens digit of t?
1
Suppose 0 = 5*h - h - 12. Suppose -5*o = 0, -3*n + 0*o - h*o = -75. Suppose i - 20 - n = 0. What is the tens digit of i?
4
Suppose 6068 = 2*k - 6*q + 9*q, -9080 = -3*k + q. What is the thousands digit of k?
3
Let i = -538 - -856. What is the hundreds digit of i?
3
Suppose -5*g + 6 = -g + 2*x, -4*g + 8 = 4*x. Let p(n) = -1. Let y(i) = -i + 17. Let j(h) = g*y(h) - 2*p(h). What is the units digit of j(9)?
0
Let h(q) = q + 227*q**2 - 1 + 5 + 5*q - 2*q. What is the tens digit of h(-1)?
2
Suppose 0*l + 2*l - 78 = 3*a, 27 = -a + l. Let y be -19*a/(-9)*-3. Let w = -106 + y. What is the units digit of w?
6
Suppose -4*k - 7 = 3*